{"id":1158,"date":"2014-10-11T20:10:49","date_gmt":"2014-10-11T18:10:49","guid":{"rendered":"http:\/\/test.timmackerodt.de\/?page_id=1158"},"modified":"2020-02-19T23:43:41","modified_gmt":"2020-02-19T21:43:41","slug":"profile","status":"publish","type":"page","link":"https:\/\/www.timmackerodt.de\/?page_id=1158","title":{"rendered":"Profil"},"content":{"rendered":"<p style=\"line-height: 20.4pt; vertical-align: baseline; margin: 0cm 0cm 15.0pt 0cm;\"><span style=\"font-size: 11.5pt; font-family: Courier; color: #444444;\">Tim Mackerodt Studio<\/span><\/p>\n<p style=\"line-height: 20.4pt; vertical-align: baseline; box-sizing: border-box; font-variant-ligatures: normal; font-variant-caps: normal; font-variant-numeric: inherit; font-stretch: inherit; orphans: 2; text-align: start; widows: 2; -webkit-text-stroke-width: 0px; word-spacing: 0px; margin: 0cm 0cm 15.0pt 0cm;\"><span style=\"font-size: 11.5pt; font-family: Courier; color: #444444;\">Coaching start-up businesses and grownups to their full potential is the main objective of Tim Mackerodt Studio. Since 2013 we team up with entrepreneurs to take ideas further. It is all about the creation of products which are useful and simply well made. By integrating evolving techniques with tradition and skills we connect today with tomorrow.<\/span><\/p>\n<p style=\"line-height: 20.4pt; vertical-align: baseline; box-sizing: border-box; font-variant-ligatures: normal; font-variant-caps: normal; font-variant-numeric: inherit; font-stretch: inherit; orphans: 2; text-align: start; widows: 2; -webkit-text-stroke-width: 0px; word-spacing: 0px; margin: 0cm 0cm 15.0pt 0cm;\"><span style=\"font-size: 11.5pt; font-family: Courier; color: #444444;\">Tim Mackerodt was born in Kassel and hold a degree in International Business Studies and Industrial Design. He works as Development Engineer and Industrial Designer for Rehadapt Engineering. <\/span><span style=\"color: #444444; font-family: Courier; font-size: 11.5pt;\">Previously, he was employed as Product Owner and Industrial Designer for the digital logistics company doks.innovation. He also worked as Industrial Designer for the renewable energy consultancy Simply Solar and as Product Management Consultant for the drone manufacturer Aibotix. As a freelance consultant he worked for a2design (Weish\u00e4upl), teilchenbeschleuniger (WMF, Hahnem\u00fchle), Layer (Moroso, menu, 100% design) and DDB Group D\u00fcsseldorf (e.on, Ramazzotti). By lecturing at the School of Arts and Design Kassel and as a member of the VDID he adds to today&#8217;s design discourse.<\/span><\/p>\n<p style=\"line-height: 20.4pt; vertical-align: baseline; margin: 0cm 0cm 15.0pt 0cm;\"><span style=\"font-size: 11.5pt; font-family: Courier; color: #444444;\">Our products and projects have been widely published and acknowledged, but our most important job is done behind the scenes.<\/span><\/p>\n<p>Selected Exhibitions<\/p>\n<p>2018<br \/>\nEvergreen Talents | Schloss Wilhelmsthal |Kassel<\/p>\n<p>2017<br \/>\nEdition Gernheim | The Finnish Glass Museum\u00a0| Riihim\u00e4ki<\/p>\n<p>2016<br \/>\nInternational Marianne Brandt Contest | Saxon Museum of Industry | Chemnitz<\/p>\n<p>2015<br \/>\nEdition Gernheim | LWL Industrial Museum | Gernheim<br \/>\nInterventionen | Regierungspr\u00e4sidium Kassel | Kassel<\/p>\n<p>2014<br \/>\nRundgang | KHK | Kassel<br \/>\ntalents | light + building | Frankfurt<br \/>\nblickfang selected | Stuttgart | Munich<\/p>\n<p>2013<br \/>\nblickfang selected | Hamburg | Vienna | Copenhagen<br \/>\nunique youngstars | spoga gafa | Cologne<br \/>\nSmart Sustainable Materials | interzum | Cologne<br \/>\nD3 Contest | imm Cologne | Cologne<\/p>\n<p>2012<br \/>\nTOKONOMA Apartment | Kassel<br \/>\nStegreif | DMY | Berlin<br \/>\nres privata res publica | Gallerie L40 | Berlin<br \/>\nD3 Contest | imm Cologne | Cologne<\/p>\n<p>2011<br \/>\n<span style=\"font-family: Courier, Helvetica, sans-serif; font-size: 15px; line-height: 1.7em;\">Dutch Design Year | Dutch Design Festival | Eindhoven<br \/>\n<\/span><span style=\"font-family: Courier, Helvetica, sans-serif; font-size: 15px; line-height: 1.7em;\">mint | London Design Festival | London<br \/>\n<\/span><span style=\"font-family: Courier, Helvetica, sans-serif; font-size: 15px; line-height: 1.7em;\">liebling lass uns nach kassel gehen | DMY | Berlin<br \/>\n<\/span><span style=\"font-family: Courier, Helvetica, sans-serif; font-size: 15px; line-height: 1.7em;\">G.tecz | Material Vision | Frankfurt<br \/>\n<\/span><span style=\"font-family: Courier, Helvetica, sans-serif; font-size: 15px; line-height: 1.7em;\">kasselcollection | Ventura Lambrate \/ Milano Design Week | Milano<\/span><\/p>\n","protected":false},"excerpt":{"rendered":"<p>Tim Mackerodt Studio Coaching start-up businesses and grownups to their full potential is the main objective of Tim Mackerodt Studio. Since 2013 we team up with entrepreneurs to take ideas further. It is all about the creation of products which are useful and simply well made. By integrating evolving techniques with tradition and skills we [&hellip;]<\/p>\n","protected":false},"author":1,"featured_media":0,"parent":0,"menu_order":0,"comment_status":"open","ping_status":"open","template":"","meta":[],"_links":{"self":[{"href":"https:\/\/www.timmackerodt.de\/index.php?rest_route=\/wp\/v2\/pages\/1158"}],"collection":[{"href":"https:\/\/www.timmackerodt.de\/index.php?rest_route=\/wp\/v2\/pages"}],"about":[{"href":"https:\/\/www.timmackerodt.de\/index.php?rest_route=\/wp\/v2\/types\/page"}],"author":[{"embeddable":true,"href":"https:\/\/www.timmackerodt.de\/index.php?rest_route=\/wp\/v2\/users\/1"}],"replies":[{"embeddable":true,"href":"https:\/\/www.timmackerodt.de\/index.php?rest_route=%2Fwp%2Fv2%2Fcomments&post=1158"}],"version-history":[{"count":20,"href":"https:\/\/www.timmackerodt.de\/index.php?rest_route=\/wp\/v2\/pages\/1158\/revisions"}],"predecessor-version":[{"id":1649,"href":"https:\/\/www.timmackerodt.de\/index.php?rest_route=\/wp\/v2\/pages\/1158\/revisions\/1649"}],"wp:attachment":[{"href":"https:\/\/www.timmackerodt.de\/index.php?rest_route=%2Fwp%2Fv2%2Fmedia&parent=1158"}],"curies":[{"name":"wp","href":"https:\/\/api.w.org\/{rel}","templated":true}]}}